. List the prime factors of g.
2
Suppose -a + 5 = -4*s - 2*a, -4*s + 2*a = -10. Suppose 2*b - 2*j - 7 = -63, s = j - 5. Let y = b + 43. List the prime factors of y.
2, 5
Suppose -5*m = -786 + 46. List the prime factors of m.
2, 37
List the prime factors of (-100)/(-50) + -1 + 157/1.
2, 79
Let m(f) = f**3 + f**2 - f - 2. Let i(r) = -1 + 11 - 9*r + 4*r**2 - 3*r**2. Let n be i(8). What are the prime factors of m(n)?
2
Let t(r) = 7*r**2 + r - 9. What are the prime factors of t(4)?
107
Let p be (-14856)/(-15) + 2/(-5). Suppose g = 4*g + p. What are the prime factors of (-4)/18 + g/(-27)?
2, 3
Suppose 5*y = 25 + 15. Suppose 0*s - 4 = -2*s. Let q = y - s. List the prime factors of q.
2, 3
Suppose 17 = 3*l - 16. Suppose -3*c - 25 = 5*v, -7 = -4*v - 0*v + 3*c. Let q = l + v. List the prime factors of q.
3
Suppose -4*g = -q + 25, -5*g = 2*q + 3*q - 125. Let a = -22 + q. What are the prime factors of a?
3
Suppose 6*m = 3*m. Suppose -5*z + 4*z + 39 = m. List the prime factors of z.
3, 13
Let v(w) = 10*w. Let z be v(-1). Let r = z + 26. What are the prime factors of r?
2
Let k = 348 - 74. What are the prime factors of k?
2, 137
Suppose 5*d - 27 = 2*t - 439, -3*t + 601 = d. What are the prime factors of t?
3, 67
Let y(q) = 7*q - 7. Let i be y(10). Suppose 0*n + i = 3*n. List the prime factors of n.
3, 7
Suppose 7*t - 8*t + 5 = 0. Suppose 5*m - 170 = -t*g, -30 = -5*m + 5*g + 90. List the prime factors of m.
29
Suppose -4*r - 3*s = -0*r - 29, 2*r - 5*s = 21. Suppose -r = n + 3*n. Let f = 14 + n. What are the prime factors of f?
2, 3
Let x = -112 + 350. What are the prime factors of x?
2, 7, 17
Let r = -38 - -53. List the prime factors of ((-84)/30)/((-1)/r).
2, 3, 7
Let u(n) = 3*n. Let z be u(1). Suppose -z*y + y = 0. Suppose y*o - 30 = -5*o. List the prime factors of o.
2, 3
Suppose -2*y - o + 10 = 0, -2*y + 0*y + 2*o + 10 = 0. Suppose y*h - 210 = -3*u, 0 = 3*u - 7*u + 20. List the prime factors of h.
3, 13
Let g = -40 - -279. What are the prime factors of g?
239
Let x = -10 - -25. What are the prime factors of x?
3, 5
Let l(y) = y**3 - 4*y**2 - 3*y - 4. What are the prime factors of l(5)?
2, 3
Let s be 2 + (-3)/(-6)*6. Suppose -a - s*d = -22 - 14, 8 = 2*d. List the prime factors of a.
2
Suppose -524 = -2*p + 4*o, -3*p + o - 821 = -6*p. List the prime factors of p.
2, 17
Let r(h) = 68 - 2*h + h + 2*h - 62. Let u be (-6)/(-2 + 0 + 1). List the prime factors of r(u).
2, 3
Suppose 48 - 618 = -5*j. List the prime factors of j.
2, 3, 19
Let p(r) = r + 1. Let t = 4 + -1. What are the prime factors of p(t)?
2
Suppose -5*v - 46 = -4*i - 108, -3*v = -4*i - 58. Let a = 2 - i. Suppose -a = -2*h + h. What are the prime factors of h?
3, 5
Let o(v) = 58*v + 6. What are the prime factors of o(3)?
2, 3, 5
Let b be (3 + -2)*3 + -5. Let u(f) be the third derivative of -f**4/12 + f**3/3 + 3*f**2. What are the prime factors of u(b)?
2, 3
Suppose -5*b + y = 2*y - 161, 3*b + 4*y = 100. What are the prime factors of b?
2
Let t = -13 + 19. Suppose s = t + 24. What are the prime factors of s?
2, 3, 5
Suppose 4*g + 0*r = -5*r + 275, r - 139 = -2*g. Suppose -6 - 19 = -5*w, -w + g = 5*y. List the prime factors of y.
13
Let m = 166 - 90. List the prime factors of m.
2, 19
Let s(b) = -b**3 + 3*b**2 + 3*b - 1. Let j be s(4). Let q(d) = -2*d - 2. Let x be q(6). Let m = j - x. What are the prime factors of m?
3
Suppose 0 = -5*n + 4*n + 4*x - 7, -8 = n - 5*x. Let d(s) = s. Let y be d(n). List the prime factors of 22*(-2 - y) - 3.
19
Let m(i) = -i**3 - 5*i**2 - 2*i + 3. Let c be m(-5). Let f = -10 + c. Suppose 0*z + 63 = f*z. What are the prime factors of z?
3, 7
Suppose 0 = 3*n - 4*v - 16, -4*v - 16 = -2*n - 0*n. What are the prime factors of (n + -5)*(1 + -8)?
5, 7
Suppose 8 + 60 = 4*u. List the prime factors of u.
17
Let u(c) = c**2 + 11*c + 15. Suppose -5*m + 2 - 52 = 0. Let y be u(m). Suppose -2*n + 40 = y*p, -5*p - 6 = -n - 46. List the prime factors of p.
2
Let t be (0*(1 - 0))/2. Suppose t = b - 3*b + 40. List the prime factors of b.
2, 5
What are the prime factors of 1*14 - (4 + -8)?
2, 3
Let h(a) = -a**2 - a + 8. Let b be h(0). List the prime factors of (-8 - -4)*(-30)/b.
3, 5
Suppose -11*g + 16*g - 580 = 0. List the prime factors of g.
2, 29
Let b(n) = 5*n + 1. Let w = -9 - -16. What are the prime factors of b(w)?
2, 3
Let m(a) = -17*a**3 - 2*a**2 + 2*a. Let j be m(-2). What are the prime factors of j/8 + (-1)/(-2)?
2
Suppose 3*g + 235 = 5*d + 48, -3*d + 2*g = -113. Let i = 49 - d. List the prime factors of i.
2, 7
Let j be ((-6)/(-4))/((-3)/(-40)). Suppose o = -0*h + h + j, -4*o + 73 = 3*h. List the prime factors of o.
19
Suppose 4*c - 2*z = 690, -182 = -5*c - 2*z + 703. What are the prime factors of c?
5, 7
Let u(i) = 4*i**2 - 2*i - 1. Let z be u(-1). Suppose -133 - 152 = -z*b. What are the prime factors of 2/(-5) + b/5?
11
Let y(p) = -p**3 - 2*p**2 + 3*p + 1. Let k be y(-3). Let q = k - -5. List the prime factors of q.
2, 3
Let w(o) = -o + 1. Let a be w(3). Let f(q) = -2*q + 2. What are the prime factors of f(a)?
2, 3
What are the prime factors of ((-168)/(-20))/(0 + (-1)/(-10))?
2, 3, 7
Let g = 14 - -12. What are the prime factors of g?
2, 13
Let l be (-32)/(-14) + 8/(-28). Suppose -a - 6 = l*a. List the prime factors of 4 + (-3 - (0 + a)).
3
Let v be ((-26)/65)/((-1)/(-20)). Let r = 14 + v. What are the prime factors of r?
2, 3
List the prime factors of (-44)/6*(-10 + 1).
2, 3, 11
Suppose 2*s = -2*s - 4*u + 188, 0 = s - u - 53. Suppose 4*w + s = -50. Let v = -15 - w. List the prime factors of v.
2, 5
Let y = -14 - -46. Suppose 39 = 5*k - 2*g + 3, 0 = 5*k - 4*g - y. What are the prime factors of k?
2
Suppose o - 2 = -2*o - d, 4*o + 3*d = 6. Let r be 11 + 9/(-3) + 1. Let t = r + o. List the prime factors of t.
3
Suppose 7*z - 2*z - 6 = 3*p, -5*p + 3*z + 6 = 0. Suppose -p*d + 0*d = -36. Suppose -2 = 2*t - d, 0 = 2*y - 2*t - 12. List the prime factors of y.
11
Let x be 18/(-8)*(-48)/(-18). Let s = x - -8. What are the prime factors of s?
2
List the prime factors of 242 - -8 - (3 + -7).
2, 127
Let x = 8 + -2. What are the prime factors of ((-14)/8)/(x/(-48))?
2, 7
Suppose -u + 56 = -11. List the prime factors of u.
67
Let a(q) = -q**3 - 2*q**2 + q - 3. Let u be a(-3). Suppose -3*n + 2*g - 5*g + 33 = 0, -6 = u*g. List the prime factors of n.
13
Suppose t - 48 = 5*p, -5 = -4*t - 4*p + 187. List the prime factors of t.
2, 3
Let s be (-104)/3*27/6. Let g be 2/(-3)*s/8. Let h = g + -6. What are the prime factors of h?
7
Let v be 2/3*-3*6. Let f = v + 21. List the prime factors of f.
3
Let l(c) = -59*c. What are the prime factors of l(-1)?
59
Suppose 71 = 2*z - 3*g, g + 4*g = 5*z - 185. Suppose 0 = 4*q - 5*q - 5*u + 10, q - u = z. List the prime factors of q.
5, 7
Let t be 0/2 - (-54)/1. Suppose -t = -3*v - 15. What are the prime factors of v?
13
Suppose -5*y - 25 = 0, 4 = 3*m - 2*m + 3*y. Let n(v) = 3*v + 4. Let k be n(4). Suppose -5*c + k = b - m, b = 2*c - 7. List the prime factors of c.
2, 3
Suppose 0 = -5*b - 165 - 25. What are the prime factors of b/(-5) - 6/10?
7
Let p = 12 + 132. What are the prime factors of p?
2, 3
Let g(a) = -a**3 + 3*a**2 - 2*a. Let c be g(3). Let y be (c/9)/(2/6). What are the prime factors of (-11 - 0)*y/2?
11
List the prime factors of (-1)/(-5) - (-5070)/25.
7, 29
Let q = 60 + -33. Suppose -2*s + j + q = 4*j, 5*s = -j + 87. List the prime factors of s.
2, 3
What are the prime factors of (-60)/(-390) - (-6522)/26?
251
Suppose 6 = -2*q + 46. What are the prime factors of q?
2, 5
Suppose -5*g + g - 5*o + 128 = 0, 3*g - 103 = -2*o. List the prime factors of g.
37
Let y = 5 + -2. Suppose -i - 2 = 3*n + 1, -5*i - 5*n + 15 = 0. Suppose 0 = -b + i + y. List the prime factors of b.
3
Let m(u) = -2*u**2 - 4*u - 3. Let p be m(-2). Let g(l) = 2*l - 5. Let k(j) = 2*j - 6. Let d(q) = p*g(q) + 2*k(q). What are the prime factors of d(-3)?
3
Suppose 2*k + 0*k + m = 49, 0 = -3*m - 15. Suppose 4*y - 25 = -y. Suppose -33 = -y*v + k. List the prime factors of v.
2, 3
Let n be -13 - (-3)/(-9)*3. Let d = n - -22. What are the prime factors of d?
2
Let b = -5 - -25. What are the prime factors of 164/b - 2/10?
2
List the prime factors of ((-2)/4)/(4/(-1376)).
2, 43
Suppose 2*j + 8 = t + t, -2*t - 3*j + 18 = 0. Let d be (22/8)/(1/(-4)). Let l = t - d. List the prime factors of